.
-5
Let c(y) = -y**2 - y + 2. Let g be (7 - (7 - -2)) + (-8)/(-2). Give c(g).
-4
Let l(w) = 12*w**2 + 19*w**2 + 2*w**2 - w**3 + 4*w - 20 - 27*w**2. What is l(6)?
4
Suppose -22 = 3*w - 5*r, 4 = -6*w + 3*w - 4*r. Let b(y) = -y**2 - y. Give b(w).
-12
Let h = -8 - -13. Suppose 0*x - 25 = -2*k - h*x, -x = k - 8. Let z(l) = -k*l - l - 6*l**2 - l**3 + 2*l + 7. Give z(-5).
2
Let x(v) = -2 - 6 + 0 + 2 + 4 - 9*v**2. Determine x(-2).
-38
Let x = -2 - -12. Suppose -5*v + 5*y = -0*y - x, 16 = 4*y. Let s(k) = -k**2 + 8*k + 1. Let c(d) = 2*d**2 - 15*d - 3. Let g(t) = 3*c(t) + 5*s(t). What is g(v)?
2
Let z(l) = -4*l - 5. Let a(o) be the third derivative of -o**4/24 - o**3/3 - 5*o**2. Let g be a(3). Give z(g).
15
Let b(d) be the second derivative of -d**4/12 - d**3/2 - d**2/2 + d. Let t(v) = v**3 - 2*v**2 - 4*v + 3. Let g be t(-2). Determine b(g).
-11
Let g(q) = 31 - 17*q**2 + 5*q**2 + 8*q - q**3 - 100 + 65. Determine g(-13).
61
Let p = -17 - -25. Suppose -6*d - p = -2*d. Let y(j) = -3. Let x(a) = a + 10. Let h(i) = -2*x(i) - 7*y(i). Calculate h(d).
5
Let f(o) = -1 + 72*o - 92*o + 25*o. What is f(1)?
4
Let g be (-9 + 16)*18/21. Let a(p) = p**2 - 7*p + 6. Determine a(g).
0
Let b(f) = f - 5. Let r be (28/8)/((-2)/4). Let x(c) = -c**2 - 8*c. Let i be x(r). What is b(i)?
2
Let v(b) = 6 - 14*b + b**3 + 9 - 2*b + 19*b**2 + 8*b - 11*b. Calculate v(-20).
-5
Let i(b) = -b**3 + 6*b**2 - 5*b. Let j be (-8)/(-44) + 2*(-477)/(-198). Determine i(j).
0
Let s be 8/(-10)*(-40)/(-16). Let m be s/1 - 4*12/(-8). Let p(h) = -h**3 + 5*h**2 - 3*h - 5. Determine p(m).
-1
Let n = 6323 + -6315. Let w be (-99)/(-21) + 2/7. Let s(g) = -8 - 2*g - w*g - g + g**2. What is s(n)?
-8
Let h(v) = -v + 65909*v**2 + 5*v + 3 - 65908*v**2. Determine h(-5).
8
Let b(g) = 6*g + 2. Suppose -4*q = -5*c + 41, -c + 4*c = 15. What is b(q)?
-22
Let r(g) = -2*g**2 + 5 - 2 + 3*g**2 + 2*g. Suppose 0 = 5*y - 40 + 5. Let f = y - 9. Give r(f).
3
Suppose 22 = 3*d + 2*n, -3*d + 3*n + 50 = -2*n. Let v(g) = -10*g + 3 + 9*g - d. Determine v(-8).
1
Suppose 4*l + 0 = -t + 11, -5*t + 9 = -3*l. Suppose -2*j + 78 = -t*j. Let f be j/21 + (-6)/21. Let x(m) = -m**3 - 3*m**2 + 3*m - 4. Give x(f).
0
Let f be (-43)/(-6) + (2 - 65/30). Let w(a) = 6*a**2 + 2*a - 5. Let y(u) = -u**3 + u**2 - u - 1. Let n(k) = w(k) + y(k). Calculate n(f).
1
Let y(n) = -n**2 - 2*n + 9. Let c be y(0). Suppose -26 = 7*o + c. Let p(j) = -2*j + 5. Give p(o).
15
Let b be (-1 + 3/9)/((-24)/36). Let i(l) = -6*l**2 + 2*l + 2. Let v(g) = 60*g**2 - 21*g - 21. Let w(a) = 21*i(a) + 2*v(a). Determine w(b).
-6
Let w(t) be the second derivative of 1/120*t**5 + 0*t**2 + t**3 + 3*t + 0 - 1/2*t**4. Let h(n) be the second derivative of w(n). Calculate h(0).
-12
Let k(g) be the third derivative of g**5/60 - g**4/24 - g**3 + 3*g**2 + 28*g. Calculate k(0).
-6
Let w(a) = -10*a - 39 - 42 - 35 + 109. What is w(-2)?
13
Let n(r) = -r**3 + 5*r**2 + 5*r + 13. Let i be n(6). Let b(q) = q**2 - 4*q - 15. Give b(i).
6
Let p(s) = -s**3 - s**2 + s + 62. Suppose -3*f + 17*a - 12*a = 0, 3*a = 5*f. What is p(f)?
62
Let g(f) = -f + 3*f**2 + 9*f**2 + f**2 - 6 - 14*f**2. Calculate g(0).
-6
Let w(f) be the first derivative of f**4 - f**2/2 + 1. Suppose -l + 4*l = -q - 58, -l - 46 = -5*q. Let z(t) = 2*t**2 + 41*t - 20. Let k be z(l). Calculate w(k).
3
Let u(k) be the second derivative of -3*k**3/2 + 5*k**2/2 + 139*k + 2. Calculate u(2).
-13
Let r be 6*(2/((-16)/(-12)) - 1). Let s(k) = k - 1. Let g(f) = 4*f - 3. Let m(n) = r*s(n) - g(n). Give m(1).
-1
Let w be 172/28 + 3/(-21). Let f(c) = c**3 - 7*c**2 + 6*c - 8. Give f(w).
-8
Let q(p) = 5*p + 28. Let z be q(-5). Let j(o) be the first derivative of 3*o**2 - o + 5. Determine j(z).
17
Let b(r) be the first derivative of -r**2 + 7*r - 1. Suppose -3*u - u + 24 = 5*v, 3*u - 18 = -2*v. What is b(u)?
-5
Let l(y) = -2*y**2 - y + 6. Let g(x) be the first derivative of -x**3 - x**2/2 + 9*x - 3. Let v(k) = 5*g(k) - 8*l(k). Calculate v(-4).
1
Let w be -4 - (-5 + -14) - (6 + 0). Let y(p) be the third derivative of p**5/60 - 11*p**4/24 + 13*p**3/6 + p**2. Give y(w).
-5
Suppose 132 = 7*z + 181. Let v(u) = -u**3 - 7*u**2 - 3*u + 5. Calculate v(z).
26
Let d(g) = -13*g**3 - 10*g**2 - 17*g + 19. Let l(n) = 7*n**3 - 2*n**2 + 1. Let u(b) = d(b) + 2*l(b). Determine u(15).
-9
Let t be (-54)/432*-20*2. Let g(m) = -m**2 + m + 2. Calculate g(t).
-18
Let t be 1/(-3)*(-2 + (-2)/(-1)). Suppose 0*r + 3*r = 0. Let p(v) = v**2 + 1 + r*v**2 + 1. Give p(t).
2
Let n(w) = -w**2 + 5*w + 9. Let u = 1163 + -1156. Give n(u).
-5
Let q(o) = o**3 - 6*o**2 + 5*o + 2. Let a(p) = -3*p - 6. Let j be a(-7). Suppose -25 + j = -2*m. Determine q(m).
2
Let s(c) = -8 + c**2 - 20*c - 7 + 5 + 13*c. Determine s(9).
8
Let f be -33*(-1 + (-35)/(-21)). Let s(v) = v**2 + 21*v - 37. Calculate s(f).
-15
Suppose -10*m = 53 + 7. Let j(n) = -n - 12. Calculate j(m).
-6
Let o(a) = a**3 - a**2. Let g(k) = 3*k**3 - 5*k**2 - 1. Let c(r) = -g(r) + 4*o(r). Suppose -p = f + 4, 5*f - 5 - 3 = 2*p. Give c(f).
1
Let b be ((-5)/(-3))/(1/3). Let a(k) = -2*k**2 + 19*k - 13. Let f(i) = -i**2 + 10*i - 7. Let y(n) = 6*a(n) - 11*f(n). Determine y(b).
-6
Let x(d) = -29*d**3 - 26*d**2 - 11*d - 30. Let o(k) = -11*k**3 - 9*k**2 - 4*k - 10. Let i(u) = 8*o(u) - 3*x(u). What is i(5)?
40
Let a = -1177 + 1182. Let m(n) be the first derivative of -n**4/4 + 5*n**3/3 + 6*n + 1. Determine m(a).
6
Let u(s) = -2*s + 6. Suppose 54*l - 13*l - 287 = 0. Calculate u(l).
-8
Suppose 0 = -4*w + 5 + 47. Suppose -17*p = -w*p. Let i(y) = y**2 + 2. Calculate i(p).
2
Let k be -1*6/(-2) - 1. Suppose 0 = k*g - 4*p + 10, 3*g - p + 1 - 6 = 0. Let u(n) = 7 + 0*n**3 - 10 + 0 + 4*n**2 - n**3 + 0*n**2. Calculate u(g).
6
Suppose 1 = q + 4. Let x(h) = 4*h**3 - 2*h**2 + 5*h - 7. Let c(n) = -5*n**3 + n**2 - 5*n + 8. Let b(u) = q*c(u) - 4*x(u). Give b(4).
0
Let a(r) = 3*r - 3*r**3 + 6*r - 8*r**2 - 4*r - 15 + 2*r**3 + 8. Determine a(-9).
29
Suppose -5*q - 5*s + 5 = 0, -3*q - s = 2*q + 15. Let z(k) = -6*k**2 - 5. Let l(c) = -5*c**2 - 4. Let a(t) = q*z(t) + 5*l(t). What is a(-2)?
-4
Suppose -9 = 3*n + r, 21 = -4*n - 4*r + 1. Let y(f) = 3*f**2 + 3 + 0 - 3 - 8*f + 4. Let m(g) = 16*g**2 - 41*g + 20. Let b(l) = n*m(l) + 11*y(l). Determine b(5).
-1
Let x(d) = 10*d**2 - 3*d + 133. Let s(r) = 3*r**2 - r + 45. Let f(c) = -7*s(c) + 2*x(c). Calculate f(0).
-49
Let i(y) = y**2 - 19*y + 19. Let q(r) = -16*r - 94. Let g be q(-7). Give i(g).
1
Let w(j) = 4*j - 2. Suppose -20 + 14 = 2*i + 2*a, 0 = i - a - 7. Determine w(i).
6
Let s(k) = -k**2 - 9*k - 17. Suppose -259*d = -268*d - 63. What is s(d)?
-3
Let h be (-24)/(-24) + -1 + 2. Let c(p) = -15*p**3 + 6*p**2 + 7*p + 4. Let g(t) = 7*t**3 - 3*t**2 - 3*t - 2. Let j(d) = 4*c(d) + 9*g(d). What is j(h)?
12
Suppose 5*n - 10 = 0, -5*s - 3*n = -4*n - 13. Let p(v) be the second derivative of 1/6*v**3 - 25*v + 0 + 3/2*v**2. Give p(s).
6
Let q(n) be the third derivative of -n**4/24 + 13*n**3/6 - 69*n**2. Calculate q(7).
6
Let z(y) = y**2 - 9*y - 9. Let c be z(10). Let u(f) = -f**2 + 7*f + 4. Let j be u(7). Let k(r) = r - 3 + 1 - j*r**2 + 1. Give k(c).
-4
Let d be -3 + -1 + 11 + -2. Suppose 0 = -3*z - 12, d*q + 2 - 4 = -2*z. Suppose 9 = -o - q*o. Let j(i) = i**3 + 3*i**2 - i. What is j(o)?
3
Let v(y) = -y. Let c = 22 - 19. Suppose 0 = 5*f - c*d - 2, 0*f - d = -f. Calculate v(f).
-1
Let f(v) = 36*v**3 + 3*v**2 + 6. Let o(q) = 38*q**3 + 4*q**2 + 7. Let s(a) = -6*f(a) + 5*o(a). Determine s(1).
-25
Let i(d) = -d + 2. Let y be i(0). Let x(p) = -p - 1. Let f(l) = -l**3 - 5*l**2 - 5*l. Let b(o) = y*x(o) - f(o). Suppose 0 = -5*m - 3*m - 32. Give b(m).
2
Let w be 21/28 - (-10)/8. Let g(f) = -3*f - w*f - 7 - 4*f**2 + f**3 + 0*f**3. Suppose -k + 1 = -a + 2*k, 0 = a - 2*k - 1. Calculate g(a).
-7
Let s(f) be the third derivative of -f**6/120 + f**5/15 - f**4/6 + f**3/6 - f**2. Suppose 0 = -5*a - 52 - 68. Let l = a + 27. Calculate s(l).
-2
Let y(j) = -j + 2. Let t be y(0). Let k = t + -12. Let i = 5 + k. Let r(d) = -d**2 - 5*d + 4. What is r(i)?
4
Let a(k) = -k**3 + k**2 - k. Let j(g) = -6*g**3 + 6*g**2 - 4*g. Let z(m) = -5*a(m) + j(m). Suppose -4*n + 12 = -2*p, 11*n = 9*n + 4. What is z(p)?
10
Let c(f) = f**3 + 2*f**2 - 2*f + 4. Suppose 2*b + 2*t + 66 = 0, 0 = -3*b + 2*t - 84 - 30. Let p = -39 - b. Calculate c(p).
1
Let t be ((-14)/(-3) - 2)*1134/108. L